by 237.
29
What is the remainder when 13739036 is divided by 151?
150
Calculate the remainder when 121875263 is divided by 1959.
1955
What is the remainder when 33121 is divided by 2432?
1505
Calculate the remainder when 133737 is divided by 26728.
97
What is the remainder when 985475 is divided by 984479?
996
What is the remainder when 2686934 is divided by 562?
12
Calculate the remainder when 469544 is divided by 17.
4
Calculate the remainder when 78666 is divided by 1834.
1638
What is the remainder when 1766939 is divided by 916?
891
What is the remainder when 49719 is divided by 116?
71
Calculate the remainder when 12224110 is divided by 110127.
13
Calculate the remainder when 195589 is divided by 9313.
16
Calculate the remainder when 1655485 is divided by 118248.
13
Calculate the remainder when 1668999 is divided by 2350.
499
Calculate the remainder when 30759944 is divided by 606.
596
What is the remainder when 6330006 is divided by 5275?
6
What is the remainder when 56583 is divided by 7556?
3691
What is the remainder when 25592669 is divided by 93?
92
Calculate the remainder when 5242545 is divided by 4766.
4711
What is the remainder when 61011326 is divided by 39413?
2
What is the remainder when 2471139 is divided by 129?
15
Calculate the remainder when 4129407 is divided by 157.
150
What is the remainder when 1653043 is divided by 826503?
37
What is the remainder when 15700890 is divided by 32?
26
What is the remainder when 512011 is divided by 22261?
8
Calculate the remainder when 121381 is divided by 121360.
21
What is the remainder when 421538 is divided by 210580?
378
What is the remainder when 371307 is divided by 28468?
1223
What is the remainder when 50019 is divided by 6985?
1124
Calculate the remainder when 27686 is divided by 13074.
1538
What is the remainder when 21299 is divided by 21177?
122
What is the remainder when 32683668 is divided by 3998?
18
What is the remainder when 6097904 is divided by 1524472?
16
Calculate the remainder when 73722 is divided by 911.
842
What is the remainder when 61330 is divided by 30470?
390
Calculate the remainder when 13081253 is divided by 1535.
1518
What is the remainder when 158924 is divided by 283?
161
What is the remainder when 480495 is divided by 501?
36
Calculate the remainder when 95147 is divided by 43984.
7179
What is the remainder when 48384942 is divided by 2835?
2832
What is the remainder when 101465 is divided by 5066?
145
Calculate the remainder when 1560249 is divided by 780120.
9
Calculate the remainder when 9180190 is divided by 32.
30
What is the remainder when 199725 is divided by 8661?
522
What is the remainder when 14292686 is divided by 7146340?
6
What is the remainder when 1648587 is divided by 448?
395
Calculate the remainder when 6493 is divided by 2049.
346
Calculate the remainder when 493053357 is divided by 435.
432
What is the remainder when 4572736 is divided by 111?
91
What is the remainder when 1512127 is divided by 302414?
57
Calculate the remainder when 54505 is divided by 5420.
305
What is the remainder when 11458160 is divided by 3?
2
What is the remainder when 2233872 is divided by 49?
11
What is the remainder when 1263938 is divided by 19749?
2
Calculate the remainder when 107459 is divided by 2283.
158
Calculate the remainder when 303222 is divided by 43317.
3
Calculate the remainder when 642537 is divided by 37.
32
What is the remainder when 14097456 is divided by 560?
16
What is the remainder when 497657 is divided by 102?
101
What is the remainder when 6433458 is divided by 420?
318
Calculate the remainder when 927611 is divided by 1412.
1339
Calculate the remainder when 46442 is divided by 1408.
1386
Calculate the remainder when 193190 is divided by 48287.
42
Calculate the remainder when 5843080 is divided by 15256.
32
Calculate the remainder when 359423 is divided by 2531.
21
What is the remainder when 677566 is divided by 96?
94
What is the remainder when 633147 is divided by 17112?
3
Calculate the remainder when 4176 is divided by 273.
81
Calculate the remainder when 5894555 is divided by 736787.
259
Calculate the remainder when 3833 is divided by 749.
88
What is the remainder when 25507017 is divided by 497?
480
Calculate the remainder when 2994964 is divided by 2302.
62
What is the remainder when 47794 is divided by 483?
460
Calculate the remainder when 1651555 is divided by 825776.
3
What is the remainder when 362301 is divided by 24153?
6
What is the remainder when 22311 is divided by 2570?
1751
Calculate the remainder when 402076 is divided by 25127.
44
What is the remainder when 4630246 is divided by 661461?
19
Calculate the remainder when 9539537 is divided by 14.
7
Calculate the remainder when 17136472 is divided by 202.
4
Calculate the remainder when 911483077 is divided by 620.
617
Calculate the remainder when 3748126 is divided by 268.
146
What is the remainder when 287464 is divided by 9574?
244
Calculate the remainder when 100008476 is divided by 611.
607
What is the remainder when 19795543 is divided by 4948880?
23
What is the remainder when 348118 is divided by 309?
184
Calculate the remainder when 1219534 is divided by 885.
4
What is the remainder when 121311725 is divided by 10109310?
5
Calculate the remainder when 24655188 is divided by 319.
316
Calculate the remainder when 1861107 is divided by 4249.
45
What is the remainder when 39918 is divided by 19509?
900
Calculate the remainder when 505007 is divided by 84119.
293
Calculate the remainder when 35794510 is divided by 68180.
10
Calculate the remainder when 3204533 is divided by 2.
1
What is the remainder when 75844982 is divided by 11779?
1
Calculate the remainder when 121008022 is divided by 5976.
5974
What is the remainder when 18179 is divided by 8863?
453
Calculate the remainder when 759032389 is divided by 1928.
1925
Calculate the remainder when 3157253 is divided by 65776.
5
Calculate the remainder when 107124896 is divided by 144568.
8
Calculate the remainder when 4147240 is divided by 17573.
12
Calculate the remainder when 395444 is divided by 1060.
64
What is the remainder when 1776455 is divided by 148020?
215
What is the remainder when 819295 is divided by 91021?
106
What is the remainder when 941683 is divided by 188332?
23
What is the remainder when 192402 is divided by 8950?
4452
Calculate the remainder when 300264 is divided by 74912.
616
What is the remainder when 238990 is divided by 238209?
781
What is the remainder when 167090175 is divided by 256?
255
Calculate the remainder when 1509189 is divided by 662.
491
Calculate the remainder when 21545567 is divided by 144.
143
What is the remainder when 155176 is divided by 18582?
6520
What is the remainder when 1049885 is divided by 118?
39
What is the remainder when 5635363 is divided by 111?
4
Calculate the remainder when 25504874 is divided by 240612.
2
What is the remainder when 7709941 is divided by 550710?
1
What is the remainder when 210739 is divided by 240?
19
What is the remainder when 431772 is divided by 33?
0
What is the remainder when 398189 is divided by 249?
38
Calculate the remainder when 176287 is divided by 510.
337
Calculate the remainder when 5666653 is divided by 1888873.
34
Calculate the remainder when 44892 is divided by 751.
583
Calculate the remainder when 133784 is divided by 590.
444
What is the remainder when 13593162 is divided by 179?
81
Calculate the remainder when 246090 is divided by 95.
40
Calculate the remainder when 11806923 is divided by 4432.
75
What is the remainder when 68851 is divided by 8701?
7944
Calculate the remainder when 5608040 is divided by 9669.
20
What is the remainder when 1000991 is divided by 3188?
3147
What is the remainder when 2382635 is divided by 9268?
759
What is the remainder when 20739862 is divided by 3456630?
82
What is the remainder when 15078161 is divided by 539?
175
What is the remainder when 98642 is divided by 1346?
384
Calculate the remainder when 9266409 is divided by 2316592.
41
What is the remainder when 4295891 is divided by 203?
5
Calculate the remainder when 684061 is divided by 3152.
77
What is the remainder when 882181 is divided by 99?
91
Calculate the remainder when 2300739 is divided by 495.
474
What is the remainder